{"id":468,"date":"2025-07-02T07:54:11","date_gmt":"2025-07-02T07:54:11","guid":{"rendered":"https:\/\/kanzlei.awesa-business.de\/?page_id=468"},"modified":"2025-07-02T07:54:45","modified_gmt":"2025-07-02T07:54:45","slug":"datenschutz","status":"publish","type":"page","link":"https:\/\/kanzlei.awesa-business.de\/index.php\/datenschutz\/","title":{"rendered":"Datenschutz"},"content":{"rendered":"\t\t<div data-elementor-type=\"wp-page\" data-elementor-id=\"468\" class=\"elementor elementor-468\" data-elementor-post-type=\"page\">\n\t\t\t\t<div class=\"elementor-element elementor-element-fb8de9c e-flex e-con-boxed e-con e-parent\" data-id=\"fb8de9c\" data-element_type=\"container\">\n\t\t\t\t\t<div class=\"e-con-inner\">\n\t\t\t\t<div class=\"elementor-element elementor-element-575e6cb elementor-widget elementor-widget-text-editor\" data-id=\"575e6cb\" data-element_type=\"widget\" data-widget_type=\"text-editor.default\">\n\t\t\t\t<div class=\"elementor-widget-container\">\n\t\t\t\t\t\t\t\t\t<h1><span style=\"color: #000000;\">Datenschutzerkl\u00e4rung<\/span><\/h1><ol><li><span style=\"color: #000000;\"><strong>Name und Kontaktdaten des f\u00fcr die Verarbeitung Verantwortlichen sowie des betrieblichen Datenschutzbeauftragten<\/strong><\/span><\/li><\/ol><p><span style=\"color: #000000;\">Diese Datenschutz-Information gilt f\u00fcr die Datenverarbeitung durch:<\/span><\/p><p><span style=\"color: #000000;\">Verantwortlicher:<\/span><\/p><p><span style=\"color: #000000;\"><strong>Kanzlei Weserbergland<\/strong><\/span><br \/><span style=\"color: #000000;\">Str\u00fcver Feuerhake Klemme Klemp Schweizer Piontek H\u00f6flich-K\u00fcthmann<\/span><br \/><span style=\"color: #000000;\">-(nachfolgend: \u201eKanzlei Weserbergland\u201c)-<\/span><br \/><span style=\"color: #000000;\">Hauptstr. 60<\/span><br \/><span style=\"color: #000000;\">D-31860 Emmerthal<\/span><br \/><span style=\"color: #000000;\">Email: emmerthal@kanzlei-weserbergland.de<\/span><br \/><span style=\"color: #000000;\">Telefon: +49 (0) 51 55 &#8211; 83 22<\/span><br \/><span style=\"color: #000000;\">Fax: +49 (0) 51 55 &#8211; 70 19.<\/span><\/p><p><span style=\"color: #000000;\">Die betriebliche Datenschutzbeauftragte der Kanzlei Weserbergland ist unter der o.g. Anschrift, beziehungsweise unter\u00a0<a style=\"color: #000000;\" href=\"mailto:datenschutz@kanzlei-weserbergland.de\">datenschutz@kanzlei-weserbergland.de<\/a>\u00a0erreichbar.<\/span><\/p><ol start=\"2\"><li><span style=\"color: #000000;\"><strong>Erhebung und Speicherung personenbezogener Daten sowie Art und Zweck von deren Verwendung<\/strong><\/span><\/li><\/ol><p><span style=\"color: #000000;\">Beim Aufrufen unserer Website www.kanzlei-weserbergland.de werden durch den auf Ihrem Endger\u00e4t zum Einsatz kommenden Browser automatisch Informationen an den Server unserer Website gesendet. Diese Informationen werden tempor\u00e4r in einem sog. Logfile gespeichert.<\/span><\/p><p><span style=\"color: #000000;\">Folgende Informationen werden dabei ohne Ihr Zutun erfasst und bis zur automatisierten L\u00f6schung gespeichert:<\/span><\/p><ul><li><span style=\"color: #000000;\">IP-Adresse des anfragenden Rechners<\/span><\/li><li><span style=\"color: #000000;\">Datum und Uhrzeit des Zugriffs<\/span><\/li><li><span style=\"color: #000000;\">Name und URL der abgerufenen Datei<\/span><\/li><li><span style=\"color: #000000;\">Website, von der aus der Zugriff erfolgt (Referrer-URL)<\/span><\/li><li><span style=\"color: #000000;\">verwendeter Browser und ggf. das Betriebssystem Ihres Rechners sowie der Name Ihres Access-Providers.<\/span><\/li><\/ul><p><span style=\"color: #000000;\">Die genannten Daten werden durch uns zu folgenden Zwecken verarbeitet:<\/span><\/p><ul><li><span style=\"color: #000000;\">Gew\u00e4hrleistung eines reibungslosen Verbindungsaufbaus der Website<\/span><\/li><li><span style=\"color: #000000;\">Gew\u00e4hrleistung einer komfortablen Nutzung unserer Website<\/span><\/li><li><span style=\"color: #000000;\">Auswertung der Systemsicherheit und -stabilit\u00e4t sowie<\/span><\/li><li><span style=\"color: #000000;\">zu weiteren administrativen Zwecken.<\/span><\/li><\/ul><p><span style=\"color: #000000;\">Die Rechtsgrundlage f\u00fcr die Datenverarbeitung ist Art. 6 Abs. 1 S. 1 lit. f DSGVO. Unser berechtigtes Interesse folgt aus oben aufgelisteten Zwecken zur Datenerhebung. In keinem Fall verwenden wir die erhobenen Daten zu dem Zweck, R\u00fcckschl\u00fcsse auf Ihre Person zu ziehen. Dar\u00fcber hinaus setzen wir beim Besuch unserer Website Cookies sowie Analysedienste ein. N\u00e4here Erl\u00e4uterungen dazu erhalten Sie unter den Ziff. 4 und 5 dieser Datenschutzerkl\u00e4rung.<\/span><\/p><ol start=\"3\"><li><span style=\"color: #000000;\"><strong>Weitergabe von Daten<\/strong><\/span><\/li><\/ol><p><span style=\"color: #000000;\">Eine \u00dcbermittlung Ihrer pers\u00f6nlichen Daten an Dritte zu anderen als den im Folgenden aufgef\u00fchrten Zwecken findet nicht statt.<\/span><\/p><p><span style=\"color: #000000;\">Wir geben Ihre pers\u00f6nlichen Daten nur an Dritte weiter, wenn:<\/span><\/p><ul><li><span style=\"color: #000000;\">Sie Ihre nach Art. 6 Abs. 1 S. 1 lit. a DSGVO ausdr\u00fcckliche Einwilligung dazu erteilt haben,<\/span><\/li><li><span style=\"color: #000000;\">die Weitergabe nach Art. 6 Abs. 1 S. 1 lit. f DSGVO zur Geltendmachung, Aus\u00fcbung oder Verteidigung von Rechtsanspr\u00fcchen erforderlich ist und kein Grund zur Annahme besteht, dass Sie ein \u00fcberwiegendes schutzw\u00fcrdiges Interesse an der Nichtweitergabe Ihrer Daten haben<\/span><\/li><li><span style=\"color: #000000;\">f\u00fcr den Fall, dass f\u00fcr die Weitergabe nach Art. 6 Abs. 1 S. 1 lit. c DSGVO eine gesetzliche Verpflichtung besteht, sowie<\/span><\/li><li><span style=\"color: #000000;\">dies gesetzlich zul\u00e4ssig und nach Art. 6 Abs. 1 S. 1 lit. b DSGVO f\u00fcr die Abwicklung von Vertragsverh\u00e4ltnissen mit Ihnen erforderlich ist.<\/span><\/li><\/ul><p>\u00a0<\/p><ol start=\"4\"><li><span style=\"color: #000000;\"><strong>Cookies<\/strong><\/span><\/li><\/ol><p><span style=\"color: #000000;\">Wir setzen auf unserer Seite Cookies ein. Hierbei handelt es sich um kleine Dateien, die Ihr Browser automatisch erstellt und die auf Ihrem Endger\u00e4t keinen Schaden anrichten. Die Cookies enthalten keine Viren, Trojaner oder sonstige Schadsoftware. In dem Cookie werden Informationen abgelegt, die sich jeweils im Zusammenhang mit dem spezifisch eingesetzten Endger\u00e4t ergeben. Dies bedeutet jedoch nicht, dass wir dadurch unmittelbar Kenntnis von Ihrer Identit\u00e4t erhalten. Der Einsatz von Cookies dient einerseits dazu, die Nutzung unseres Angebots f\u00fcr Sie angenehmer zu gestalten. So setzen wir sogenannte Session-Cookies ein, um zu erkennen, dass Sie einzelne Seiten unserer Website bereits besucht haben. Diese werden nach Verlassen unserer Seite automatisch gel\u00f6scht. Dar\u00fcber hinaus setzen wir ebenfalls zur Optimierung der Benutzerfreundlichkeit tempor\u00e4re Cookies ein, die f\u00fcr einen bestimmten festgelegten Zeitraum auf Ihrem Endger\u00e4t gespeichert werden. Besuchen Sie unsere Seite erneut, um unsere Dienste in Anspruch zu nehmen, wird automatisch erkannt, dass Sie bereits bei uns waren und welche Eingaben und Einstellungen sie get\u00e4tigt haben, um diese nicht noch einmal eingeben zu m\u00fcssen. Zum anderen setzten wir Cookies ein, um die Nutzung unserer Website statistisch zu erfassen und zum Zwecke der Optimierung unseres Angebotes f\u00fcr Sie auszuwerten (siehe Ziff. 5). Diese Cookies erm\u00f6glichen es uns, bei einem erneuten Besuch unserer Seite automatisch zu erkennen, dass Sie bereits bei uns waren. Diese Cookies werden nach einer jeweils definierten Zeit automatisch gel\u00f6scht. Die durch Cookies verarbeiteten Daten sind f\u00fcr die genannten Zwecke zur Wahrung unserer berechtigten Interessen sowie der Dritter nach Art. 6 Abs. 1 S. 1 lit. f DSGVO erforderlich. Die meisten Browser akzeptieren Cookies automatisch. Sie k\u00f6nnen Ihren Browser jedoch so konfigurieren, dass keine Cookies auf Ihrem Computer gespeichert werden oder stets ein Hinweis erscheint, bevor ein neuer Cookie angelegt wird. Die vollst\u00e4ndige Deaktivierung von Cookies kann jedoch dazu f\u00fchren, dass Sie nicht alle Funktionen unserer Website nutzen k\u00f6nnen.<\/span><\/p><ol start=\"5\"><li><span style=\"color: #000000;\"><strong>Online-Formulare<\/strong><\/span><\/li><\/ol><p><span style=\"color: #000000;\">Mit unserer Website ist eine Schaltfl\u00e4che f\u00fcr die Online-Datenaufnahme verkn\u00fcpft, mit der Sie die M\u00f6glichkeit haben, uns Daten per Online-Formular zu \u00fcbermitteln. Nehmen Sie diesen Online-Service von NotarNow (LegalNow GmbH, Lena-Christ-Stra\u00dfe 2, 82031 Gr\u00fcnwald) bzw. AnwaltNow (LTPS GmbH, Tengstra\u00dfe 6, 80798 M\u00fcnchen) in Anspruch, so werden Ihre Angaben inklusive der von Ihnen dort angegebenen Kontaktdaten zwecks Bearbeitung der Anfrage und f\u00fcr den Fall von Anschlussfragen kurzzeitig automatisch auf den NotarNow-Servern gespeichert und im Anschluss an uns weitergeleitet. Die Daten\u00fcbertragung erfolgt verschl\u00fcsselt \u00fcber eine Transportverschl\u00fcsselung per Secure Socket Layer (SSL\/TLS).<\/span><\/p><p><span style=\"color: #000000;\">Die Speicherung dient allein zu Zwecken der Bearbeitung oder der Kontaktaufnahme zur betroffenen Person. Eine Weitergabe der Daten an weitere Dritte findet nicht statt. Rechtsgrundlage f\u00fcr die Verarbeitung der Daten ist Art. 6 Abs. 1 lit. b DSGVO, sofern Ihre Anfrage mit der Erf\u00fcllung eines Vertrags zusammenh\u00e4ngt oder zur Durchf\u00fchrung vorvertraglicher Ma\u00dfnahmen erforderlich ist. In allen \u00fcbrigen F\u00e4llen beruht die Verarbeitung auf unserem berechtigten Interesse an der effektiven Bearbeitung der an uns gerichteten Anfragen (Art. 6 Abs. 1 lit. f DSGVO) oder auf Ihrer Einwilligung (Art. 6 Abs. 1 lit. a DSGVO), sofern diese abgefragt wurde.<\/span><\/p><p><span style=\"color: #000000;\">Die von Ihnen im Online-Formular eingegebenen Daten verbleiben bei uns, bis Sie uns zur L\u00f6schung auffordern, Ihre Einwilligung zur Speicherung widerrufen oder der Zweck f\u00fcr die Datenspeicherung entf\u00e4llt (z. B. nach abgeschlossener Bearbeitung Ihrer Anfrage). Zwingende gesetzliche Bestimmungen \u2013 insbesondere Aufbewahrungsfristen \u2013 bleiben unber\u00fchrt.<\/span><\/p><p><span style=\"color: #000000;\">Bei Nutzung der \u201eZwischenspeichern\u201c Funktion werden Ihre Online-Formulareingaben verschl\u00fcsselt und anonymisiert f\u00fcr 30 Tage gespeichert. Wird das Online-Formular nicht innerhalb dieser 30 Tage an uns \u00fcbermittelt, erfolgt die vollst\u00e4ndige L\u00f6schung der Formulareingaben automatisch. Eine Aufforderung zur L\u00f6schung Ihrerseits ist in diesem Fall nicht notwendig.<\/span><\/p><ol start=\"6\"><li><span style=\"color: #000000;\"><strong>Betroffenenrechte<\/strong><\/span><\/li><\/ol><p><span style=\"color: #000000;\">Sie haben das Recht:<\/span><\/p><ul><li><span style=\"color: #000000;\">gem\u00e4\u00df Art. 15 DSGVO Auskunft \u00fcber Ihre von uns verarbeiteten personenbezogenen Daten zu verlangen. Insbesondere k\u00f6nnen Sie Auskunft \u00fcber die Verarbeitungszwecke, die Kategorie der personenbezogenen Daten, die Kategorien von Empf\u00e4ngern, gegen\u00fcber denen Ihre Daten offengelegt wurden oder werden, die geplante Speicherdauer, das Bestehen eines Rechts auf Berichtigung, L\u00f6schung, Einschr\u00e4nkung der Verarbeitung oder Widerspruch, das Bestehen eines Beschwerderechts, die Herkunft ihrer Daten, sofern diese nicht bei uns erhoben wurden, sowie \u00fcber das Bestehen einer automatisierten Entscheidungsfindung einschlie\u00dflich Profiling und ggf. aussagekr\u00e4ftigen Informationen zu deren Einzelheiten verlangen<\/span><\/li><li><span style=\"color: #000000;\">gem\u00e4\u00df Art. 16 DSGVO unverz\u00fcglich die Berichtigung unrichtiger oder Vervollst\u00e4ndigung Ihrer bei uns gespeicherten personenbezogenen Daten zu verlangen<\/span><\/li><li><span style=\"color: #000000;\">gem\u00e4\u00df Art. 17 DSGVO die L\u00f6schung Ihrer bei uns gespeicherten personenbezogenen Daten zu verlangen, soweit nicht die Verarbeitung zur Aus\u00fcbung des Rechts auf freie Meinungs\u00e4u\u00dferung und Information, zur Erf\u00fcllung einer rechtlichen Verpflichtung, aus Gr\u00fcnden des \u00f6ffentlichen Interesses oder zur Geltendmachung, Aus\u00fcbung oder Verteidigung von Rechtsanspr\u00fcchen erforderlich ist<\/span><\/li><\/ul><p>\u00a0<\/p><ul><li><span style=\"color: #000000;\">gem\u00e4\u00df Art. 18 DSGVO die Einschr\u00e4nkung der Verarbeitung Ihrer personenbezogenen Daten zu verlangen, soweit die Richtigkeit der Daten von Ihnen bestritten wird, die Verarbeitung unrechtm\u00e4\u00dfig ist, Sie aber deren L\u00f6schung ablehnen und wir die Daten nicht mehr ben\u00f6tigen, Sie jedoch diese zur Geltendmachung, Aus\u00fcbung oder Verteidigung von Rechtsanspr\u00fcchen ben\u00f6tigen oder Sie gem\u00e4\u00df Art. 21 DSGVO Widerspruch gegen die Verarbeitung eingelegt haben<\/span><\/li><\/ul><p>\u00a0<\/p><ul><li><span style=\"color: #000000;\">gem\u00e4\u00df Art. 20 DSGVO Ihre personenbezogenen Daten, die Sie uns bereitgestellt haben, in einem strukturierten, g\u00e4ngigen und maschinenlesebaren Format zu erhalten oder die \u00dcbermittlung an einen anderen Verantwortlichen zu verlangen<\/span><\/li><\/ul><p>\u00a0<\/p><ul><li><span style=\"color: #000000;\">gem\u00e4\u00df Art. 7 Abs. 3 DSGVO Ihre einmal erteilte Einwilligung jederzeit gegen\u00fcber uns zu widerrufen. Dies hat zur Folge, dass wir die Datenverarbeitung, die auf dieser Einwilligung beruhte, f\u00fcr die Zukunft nicht mehr fortf\u00fchren d\u00fcrfen und<\/span><\/li><\/ul><p>\u00a0<\/p><ul><li><span style=\"color: #000000;\">gem\u00e4\u00df Art. 77 DSGVO sich bei einer Aufsichtsbeh\u00f6rde zu beschweren. In der Regel k\u00f6nnen Sie sich hierf\u00fcr an die Aufsichtsbeh\u00f6rde Ihres \u00fcblichen Aufenthaltsortes oder Arbeitsplatzes oder unseres Kanzleisitzes wenden.<\/span><\/li><\/ul><p>\u00a0<\/p><ol start=\"7\"><li><span style=\"color: #000000;\"><strong>Widerspruchsrecht<\/strong><\/span><\/li><\/ol><p><span style=\"color: #000000;\">Sofern Ihre personenbezogenen Daten auf Grundlage von berechtigten Interessen gem\u00e4\u00df Art. 6 Abs. 1 S. 1 lit. f DSGVO verarbeitet werden, haben Sie das Recht, gem\u00e4\u00df Art. 21 DSGVO Widerspruch gegen die Verarbeitung Ihrer personenbezogenen Daten einzulegen, soweit daf\u00fcr Gr\u00fcnde vorliegen, die sich aus Ihrer besonderen Situation ergeben oder sich der Widerspruch gegen Direktwerbung richtet. Im letzteren Fall haben Sie ein generelles Widerspruchsrecht, das ohne Angabe einer besonderen Situation von uns umgesetzt wird. M\u00f6chten Sie von Ihrem Widerrufs- oder Widerspruchsrecht Gebrauch machen, gen\u00fcgt eine E-Mail an\u00a0<strong>datenschutz@kanzlei-weserbergland.de<\/strong><\/span><\/p><ol start=\"8\"><li><span style=\"color: #000000;\"><strong>Datensicherhei<\/strong>t<\/span><\/li><\/ol><p><span style=\"color: #000000;\">Wir verwenden innerhalb des Website-Besuchs das verbreitete SSL-Verfahren (Secure Socket Layer) in Verbindung mit der jeweils h\u00f6chsten Verschl\u00fcsselungsstufe, die von Ihrem Browser unterst\u00fctzt wird. In der Regel handelt es sich dabei um eine 256 Bit Verschl\u00fcsselung. Falls Ihr Browser keine 256-Bit Verschl\u00fcsselung unterst\u00fctzt, greifen wir stattdessen auf 128-Bit v3 Technologie zur\u00fcck. Ob eine einzelne Seite unseres Internetauftrittes verschl\u00fcsselt \u00fcbertragen wird, erkennen Sie an der geschlossenen Darstellung des Sch\u00fcssel- beziehungsweise Schloss-Symbols in der unteren Statusleiste Ihres Browsers. Wir bedienen uns im \u00dcbrigen geeigneter technischer und organisatorischer Sicherheitsma\u00dfnahmen, um Ihre Daten gegen zuf\u00e4llige oder vors\u00e4tzliche Manipulationen, teilweisen oder vollst\u00e4ndigen Verlust, Zerst\u00f6rung oder gegen den unbefugten Zugriff Dritter zu sch\u00fctzen. Unsere Sicherheitsma\u00df- nahmen werden entsprechend der technologischen Entwicklung fortlaufend verbessert.<\/span><\/p><ol start=\"9\"><li><span style=\"color: #000000;\"><strong>Aktualit\u00e4t und \u00c4nderung dieser Datenschutzerkl\u00e4rung<\/strong><\/span><\/li><\/ol><p><span style=\"color: #000000;\">Diese Datenschutzerkl\u00e4rung ist aktuell g\u00fcltig und hat den\u00a0<strong>Stand Mai 2018<\/strong>. Durch die Weiterentwicklung unserer Website und Angebote dar\u00fcber oder aufgrund ge\u00e4nderter gesetzlicher beziehungsweise beh\u00f6rdlicher Vorgaben kann es notwendig werden, diese Datenschutzerkl\u00e4rung zu \u00e4ndern. Die jeweils aktuelle Datenschutzerkl\u00e4rung kann jederzeit auf der Website unter https:\/\/www.kanzlei-weserbergland.de\/datenschutz von Ihnen abgerufen und ausgedruckt werden.<\/span><\/p>\t\t\t\t\t\t\t\t<\/div>\n\t\t\t\t<\/div>\n\t\t\t\t\t<\/div>\n\t\t\t\t<\/div>\n\t\t\t\t<\/div>\n\t\t","protected":false},"excerpt":{"rendered":"<p>Datenschutzerkl\u00e4rung Name und Kontaktdaten des f\u00fcr die Verarbeitung Verantwortlichen sowie des betrieblichen Datenschutzbeauftragten Diese Datenschutz-Information gilt f\u00fcr die Datenverarbeitung durch: Verantwortlicher: Kanzlei WeserberglandStr\u00fcver Feuerhake Klemme Klemp Schweizer Piontek H\u00f6flich-K\u00fcthmann-(nachfolgend: \u201eKanzlei Weserbergland\u201c)-Hauptstr. 60D-31860 EmmerthalEmail: emmerthal@kanzlei-weserbergland.deTelefon: +49 (0) 51 55 &#8211; 83 22Fax: +49 (0) 51 55 &#8211; 70 19. Die betriebliche Datenschutzbeauftragte der Kanzlei Weserbergland ist [&hellip;]<\/p>\n","protected":false},"author":1,"featured_media":0,"parent":0,"menu_order":0,"comment_status":"closed","ping_status":"closed","template":"elementor_header_footer","meta":{"footnotes":""},"class_list":["post-468","page","type-page","status-publish","hentry"],"_links":{"self":[{"href":"https:\/\/kanzlei.awesa-business.de\/index.php\/wp-json\/wp\/v2\/pages\/468","targetHints":{"allow":["GET"]}}],"collection":[{"href":"https:\/\/kanzlei.awesa-business.de\/index.php\/wp-json\/wp\/v2\/pages"}],"about":[{"href":"https:\/\/kanzlei.awesa-business.de\/index.php\/wp-json\/wp\/v2\/types\/page"}],"author":[{"embeddable":true,"href":"https:\/\/kanzlei.awesa-business.de\/index.php\/wp-json\/wp\/v2\/users\/1"}],"replies":[{"embeddable":true,"href":"https:\/\/kanzlei.awesa-business.de\/index.php\/wp-json\/wp\/v2\/comments?post=468"}],"version-history":[{"count":4,"href":"https:\/\/kanzlei.awesa-business.de\/index.php\/wp-json\/wp\/v2\/pages\/468\/revisions"}],"predecessor-version":[{"id":472,"href":"https:\/\/kanzlei.awesa-business.de\/index.php\/wp-json\/wp\/v2\/pages\/468\/revisions\/472"}],"wp:attachment":[{"href":"https:\/\/kanzlei.awesa-business.de\/index.php\/wp-json\/wp\/v2\/media?parent=468"}],"curies":[{"name":"wp","href":"https:\/\/api.w.org\/{rel}","templated":true}]}}