{"id":463,"date":"2025-07-02T07:52:40","date_gmt":"2025-07-02T07:52:40","guid":{"rendered":"https:\/\/kanzlei.awesa-business.de\/?page_id=463"},"modified":"2025-07-02T07:53:19","modified_gmt":"2025-07-02T07:53:19","slug":"impressum","status":"publish","type":"page","link":"https:\/\/kanzlei.awesa-business.de\/index.php\/impressum\/","title":{"rendered":"Impressum"},"content":{"rendered":"\t\t<div data-elementor-type=\"wp-page\" data-elementor-id=\"463\" class=\"elementor elementor-463\" data-elementor-post-type=\"page\">\n\t\t\t\t<div class=\"elementor-element elementor-element-c111929 e-flex e-con-boxed e-con e-parent\" data-id=\"c111929\" data-element_type=\"container\">\n\t\t\t\t\t<div class=\"e-con-inner\">\n\t\t\t\t<div class=\"elementor-element elementor-element-438d8ae elementor-widget elementor-widget-text-editor\" data-id=\"438d8ae\" data-element_type=\"widget\" data-widget_type=\"text-editor.default\">\n\t\t\t\t<div class=\"elementor-widget-container\">\n\t\t\t\t\t\t\t\t\t<h1><span style=\"color: #000000;\"><strong>Impressum<\/strong><\/span><\/h1><p><span style=\"color: #000000;\"><strong>Kanzlei Weserbergland<br \/>Anwaltssoziet\u00e4t \/ Gesellschaft b\u00fcrgerlichen Rechts<\/strong><\/span><\/p><p><span style=\"color: #000000;\">Die Rechtsanw\u00e4lte und Rechtsanw\u00e4ltinnen sind in Deutschland zugelassen und geh\u00f6ren der Rechtsanwaltskammer Celle an.<\/span><\/p><p><span style=\"color: #000000;\">Die Notare und Notarinnen geh\u00f6ren der Notarkammer Celle an.<\/span><\/p><p><span style=\"color: #000000;\">Berufshaftplichtversicherung: ERGO Versicherung AG, Victoriaplatz 1, 40477 D\u00fcsseldorf<\/span><br \/><span style=\"color: #000000;\">R\u00e4umlicher Geltungsbereich: Europa (geografisch)<\/span><\/p><p><span style=\"color: #000000;\">Zust\u00e4ndige Aufsichtsbeh\u00f6rde f\u00fcr die Notare: Pr\u00e4sident des Landgerichts Hannover, Volgersweg 65, 30175 Hannover<\/span><\/p><p><span style=\"color: #000000;\"><strong>Plattform der EU zur au\u00dfergerichtlichen Online-Streitbeilegung:<\/strong><\/span><br \/><span style=\"color: #000000;\"><a style=\"color: #000000;\" href=\"http:\/\/ec.europa.eu\/consumers\/odr\/\" target=\"_blank\" rel=\"noopener\">http:\/\/ec.europa.eu\/consumers\/odr\/<\/a><\/span><\/p><p><span style=\"color: #000000;\"><strong>Au\u00dfergerichtliche Streitbeilegung:<\/strong><\/span><br \/><span style=\"color: #000000;\">Wir weisen darauf hin, dass wir zu keiner Teilnahme an einem Verbraucherschlichtungsverfahren gem\u00e4\u00df \u00a7 36 Verbraucherstreitbeilegungsgesetz (VSBG) verpflichtet und zur Teilnahme auch nicht bereit sind.<\/span><\/p><p><span style=\"color: #000000;\"><strong>Es gelten folgende Geb\u00fchren- und Berufsordnungen:<\/strong><\/span><br \/><br \/><span style=\"color: #000000;\"><a style=\"color: #000000;\" href=\"https:\/\/www.gesetze-im-internet.de\/brao\/\" target=\"_blank\" rel=\"noopener\">BRAO &#8211; Bundesrechtsanwaltsordnung<\/a><\/span><br \/><span style=\"color: #000000;\"><a style=\"color: #000000;\" href=\"https:\/\/dejure.org\/gesetze\/BORA\" target=\"_blank\" rel=\"noopener\">BORA &#8211; Berufsordnung f\u00fcr Rechtsanw\u00e4lte<\/a><\/span><br \/><span style=\"color: #000000;\"><a style=\"color: #000000;\" href=\"https:\/\/www.brak.de\/anwaltschaft\/berufsrecht\/allgemeine-informationen\/\" target=\"_blank\" rel=\"noopener\">BORA &#8211; Allgemeine Informationen<\/a><\/span><br \/><span style=\"color: #000000;\"><a style=\"color: #000000;\" href=\"https:\/\/www.gesetze-im-internet.de\/rvg\/\" target=\"_blank\" rel=\"noopener\">RVG &#8211; Verg\u00fctungsgesetz f\u00fcr Rechtsanw\u00e4lte<\/a><\/span><br \/><span style=\"color: #000000;\"><a style=\"color: #000000;\" href=\"https:\/\/www.gesetze-im-internet.de\/bnoto\/\" target=\"_blank\" rel=\"noopener\">BNotO &#8211; Bundesnotarordnung<\/a><\/span><br \/><span style=\"color: #000000;\"><a style=\"color: #000000;\" href=\"https:\/\/www.notar.de\/der-notar\/berufsrecht\/dienstordnung\" target=\"_blank\" rel=\"noopener\">DNotO &#8211; Dienstordnung f\u00fcr Notare<\/a><\/span><br \/><span style=\"color: #000000;\"><a style=\"color: #000000;\" href=\"http:\/\/bundesrecht.juris.de\/bundesrecht\/kosto\/index.html\" target=\"_blank\" rel=\"noopener\">KostO &#8211; Kostenordnung<\/a><\/span><br \/><span style=\"color: #000000;\"><a style=\"color: #000000;\" href=\"https:\/\/www.gesetze-im-internet.de\/gnotkg\/\" target=\"_blank\" rel=\"noopener\">GNotKG &#8211; Kosten der Notare<\/a><\/span><\/p><p><span style=\"color: #000000;\"><strong>Der Sitz der Gesellschaft ist:<\/strong><\/span><\/p><p><span style=\"color: #000000;\">Hauptstr. 60, 31860 Emmerthal<\/span><\/p><p><span style=\"color: #000000;\">Telefon: 0 51 55\/83 22<\/span><br \/><span style=\"color: #000000;\">Fax: 0 51 55\/70 19<\/span><br \/><span style=\"color: #000000;\">Email:\u00a0<a style=\"color: #000000;\" href=\"mailto:emmerthal@kanzlei-weserbergland.de\">emmerthal@kanzlei-weserbergland.de<\/a><\/span><br \/><span style=\"color: #000000;\"><a style=\"color: #000000;\" href=\"mailto:bodenwerder@kanzlei-weserbergland.de\">bodenwerder@kanzlei-weserbergland.de<\/a><\/span><br \/><span style=\"color: #000000;\"><a style=\"color: #000000;\" href=\"mailto:salzhdorf@kanzlei-weserbergland.de\">salzhdorf@kanzlei-weserbergland.de<\/a><\/span><br \/><span style=\"color: #000000;\"><a style=\"color: #000000;\" href=\"mailto:pyrmont@kanzlei-weserbergland.de\">pyrmont@kanzlei-weserbergland.de<\/a><\/span><\/p><p><span style=\"color: #000000;\"><strong>Gesellschafter:<\/strong><\/span><\/p><table><tbody><tr><td><span style=\"color: #000000;\">Sebastian<\/span><\/td><td><span style=\"color: #000000;\">Piontek<\/span><\/td><td><span style=\"color: #000000;\">Rechtsanwalt<\/span><\/td><\/tr><tr><td><span style=\"color: #000000;\">Irene<\/span><\/td><td><span style=\"color: #000000;\">H\u00f6flich-K\u00fcthmann<\/span><\/td><td><span style=\"color: #000000;\">Rechtsanw\u00e4ltin<\/span><\/td><\/tr><tr><td><span style=\"color: #000000;\">Tobias<\/span><\/td><td><span style=\"color: #000000;\">Klemp<\/span><\/td><td><span style=\"color: #000000;\">Rechtsanwalt und Notar<\/span><\/td><\/tr><tr><td><span style=\"color: #000000;\">Annica<\/span><\/td><td><span style=\"color: #000000;\">Klemme<\/span><\/td><td><span style=\"color: #000000;\">Rechtsanw\u00e4ltin und Notarin<\/span><\/td><\/tr><\/tbody><\/table><p><span style=\"color: #000000;\">Inhaltlich Verantwortlicher gem\u00e4\u00df \u00a7 10 Absatz 3 MDStV: J\u00f6rg Str\u00fcver (Anschrift wie oben)<\/span><\/p><p><span style=\"color: #000000;\">Haftungshinweis: Trotz sorgf\u00e4ltiger inhaltlicher Kontrolle \u00fcbernehmen wir keine Haftung f\u00fcr die Inhalte externer Links. F\u00fcr den Inhalt der verlinkten Seiten sind ausschlie\u00dflich deren Betreiber verantwortlich.<\/span><\/p><p><span style=\"color: #000000;\">Der Anbieter \u00fcbernimmt keine Gew\u00e4hr f\u00fcr die Aktualit\u00e4t, Korrektheit, Vollst\u00e4ndigkeit oder Qualit\u00e4t der bereitgestellten Informationen. Haftungsanspr\u00fcche gegen den Anbieter, welche sich auf Sch\u00e4den materieller oder ideeller Art beziehen, die durch die Nutzung oder Nichtnutzung der dargebotenen Informationen bzw. durch die Nutzung fehlerhafter und unvollst\u00e4ndiger Informationen verursacht wurden, sind grunds\u00e4tzlich ausgeschlossen, sofern seitens des Anbieters kein nachweislich vors\u00e4tzliches oder grob fahrl\u00e4ssiges Verschulden vorliegt. Der Anbieter beh\u00e4lt es sich ausdr\u00fccklich vor, Teile der Seiten oder das gesamte Angebot ohne gesonderte Ank\u00fcndigung zu ver\u00e4ndern, zu erg\u00e4nzen, zu l\u00f6schen oder die Ver\u00f6ffentlichung zeitweise oder endg\u00fcltig einzustellen.<\/span><\/p>\t\t\t\t\t\t\t\t<\/div>\n\t\t\t\t<\/div>\n\t\t\t\t\t<\/div>\n\t\t\t\t<\/div>\n\t\t\t\t<\/div>\n\t\t","protected":false},"excerpt":{"rendered":"<p>Impressum Kanzlei WeserberglandAnwaltssoziet\u00e4t \/ Gesellschaft b\u00fcrgerlichen Rechts Die Rechtsanw\u00e4lte und Rechtsanw\u00e4ltinnen sind in Deutschland zugelassen und geh\u00f6ren der Rechtsanwaltskammer Celle an. Die Notare und Notarinnen geh\u00f6ren der Notarkammer Celle an. Berufshaftplichtversicherung: ERGO Versicherung AG, Victoriaplatz 1, 40477 D\u00fcsseldorfR\u00e4umlicher Geltungsbereich: Europa (geografisch) Zust\u00e4ndige Aufsichtsbeh\u00f6rde f\u00fcr die Notare: Pr\u00e4sident des Landgerichts Hannover, Volgersweg 65, 30175 Hannover Plattform [&hellip;]<\/p>\n","protected":false},"author":1,"featured_media":0,"parent":0,"menu_order":0,"comment_status":"closed","ping_status":"closed","template":"elementor_header_footer","meta":{"footnotes":""},"class_list":["post-463","page","type-page","status-publish","hentry"],"_links":{"self":[{"href":"https:\/\/kanzlei.awesa-business.de\/index.php\/wp-json\/wp\/v2\/pages\/463","targetHints":{"allow":["GET"]}}],"collection":[{"href":"https:\/\/kanzlei.awesa-business.de\/index.php\/wp-json\/wp\/v2\/pages"}],"about":[{"href":"https:\/\/kanzlei.awesa-business.de\/index.php\/wp-json\/wp\/v2\/types\/page"}],"author":[{"embeddable":true,"href":"https:\/\/kanzlei.awesa-business.de\/index.php\/wp-json\/wp\/v2\/users\/1"}],"replies":[{"embeddable":true,"href":"https:\/\/kanzlei.awesa-business.de\/index.php\/wp-json\/wp\/v2\/comments?post=463"}],"version-history":[{"count":4,"href":"https:\/\/kanzlei.awesa-business.de\/index.php\/wp-json\/wp\/v2\/pages\/463\/revisions"}],"predecessor-version":[{"id":467,"href":"https:\/\/kanzlei.awesa-business.de\/index.php\/wp-json\/wp\/v2\/pages\/463\/revisions\/467"}],"wp:attachment":[{"href":"https:\/\/kanzlei.awesa-business.de\/index.php\/wp-json\/wp\/v2\/media?parent=463"}],"curies":[{"name":"wp","href":"https:\/\/api.w.org\/{rel}","templated":true}]}}